of 67 and 6767.
67
What is the greatest common divisor of 135 and 255?
15
What is the highest common factor of 3483 and 516?
129
Calculate the greatest common divisor of 49 and 28.
7
What is the highest common factor of 9735 and 236?
59
What is the greatest common divisor of 22 and 8734?
22
Calculate the highest common divisor of 168 and 98.
14
Calculate the greatest common divisor of 182 and 8554.
182
What is the highest common divisor of 3294 and 9?
9
What is the greatest common factor of 40 and 1235?
5
What is the highest common factor of 1606 and 33?
11
What is the highest common divisor of 1112 and 3753?
139
What is the highest common divisor of 128 and 24?
8
What is the highest common factor of 34 and 1513?
17
What is the highest common divisor of 230 and 20585?
115
Calculate the highest common factor of 36022 and 21.
7
Calculate the highest common divisor of 486 and 198.
18
What is the greatest common factor of 6 and 27?
3
What is the highest common factor of 2030 and 2465?
145
What is the greatest common factor of 714 and 112?
14
Calculate the highest common factor of 3626 and 148.
74
Calculate the greatest common factor of 630 and 28.
14
Calculate the greatest common divisor of 3626 and 148.
74
Calculate the greatest common divisor of 20 and 30.
10
What is the highest common divisor of 153 and 27?
9
Calculate the greatest common factor of 29 and 14848.
29
What is the highest common factor of 310 and 279?
31
Calculate the greatest common factor of 5215 and 35.
35
What is the greatest common divisor of 410 and 20?
10
What is the greatest common factor of 1535 and 100?
5
What is the highest common factor of 128 and 10?
2
Calculate the highest common factor of 2873 and 169.
169
What is the highest common divisor of 16772 and 28?
28
Calculate the greatest common divisor of 66 and 6204.
66
What is the highest common divisor of 13 and 16367?
13
Calculate the greatest common divisor of 693 and 1071.
63
Calculate the greatest common factor of 37 and 14245.
37
Calculate the highest common factor of 175 and 630.
35
What is the greatest common divisor of 1152 and 9?
9
What is the greatest common divisor of 17640 and 72?
72
Calculate the highest common factor of 316 and 19276.
316
What is the highest common divisor of 208 and 728?
104
Calculate the highest common divisor of 8126 and 68.
34
What is the highest common factor of 3556 and 112?
28
What is the highest common factor of 251 and 3?
1
Calculate the highest common factor of 5 and 307.
1
Calculate the greatest common divisor of 144 and 408.
24
Calculate the greatest common factor of 60 and 195.
15
Calculate the highest common factor of 92 and 16537.
23
What is the highest common factor of 204 and 1275?
51
Calculate the greatest common divisor of 228 and 12.
12
Calculate the greatest common divisor of 13 and 143.
13
Calculate the greatest common divisor of 1255 and 4016.
251
Calculate the highest common divisor of 52045 and 35.
35
Calculate the highest common factor of 147 and 219.
3
Calculate the greatest common factor of 2760 and 120.
120
What is the greatest common factor of 90 and 870?
30
Calculate the greatest common factor of 120 and 648.
24
Calculate the highest common factor of 981 and 9.
9
What is the greatest common factor of 186 and 24?
6
Calculate the greatest common divisor of 21 and 81.
3
What is the greatest common factor of 56 and 1064?
56
Calculate the greatest common factor of 50 and 5090.
10
What is the greatest common factor of 180 and 13140?
180
What is the highest common divisor of 369 and 36?
9
What is the greatest common divisor of 4185 and 75?
15
Calculate the highest common divisor of 12 and 138.
6
What is the highest common factor of 21 and 7?
7
Calculate the greatest common divisor of 3770 and 4160.
130
What is the greatest common divisor of 7764 and 48?
12
Calculate the greatest common divisor of 477 and 36.
9
Calculate the highest common divisor of 576 and 200.
8
What is the highest common divisor of 1161 and 27?
27
Calculate the highest common divisor of 110 and 20.
10
What is the greatest common factor of 291 and 3?
3
What is the greatest common factor of 160 and 10?
10
What is the highest common factor of 56 and 3456?
8
What is the highest common divisor of 58 and 5626?
58
What is the greatest common divisor of 495 and 27?
9
What is the greatest common factor of 143 and 221?
13
Calculate the greatest common divisor of 52 and 496.
4
Calculate the greatest common factor of 1 and 2.
1
Calculate the greatest common divisor of 36 and 180.
36
What is the greatest common factor of 1110 and 270?
30
Calculate the highest common factor of 48 and 152.
8
Calculate the highest common factor of 635 and 35.
5
Calculate the highest common divisor of 184 and 23.
23
Calculate the highest common divisor of 1370 and 10.
10
Calculate the highest common divisor of 244 and 100.
4
What is the greatest common factor of 28 and 752?
4
Calculate the highest common factor of 210 and 40.
10
What is the greatest common divisor of 54 and 297?
27
Calculate the highest common factor of 4865 and 35.
35
Calculate the greatest common divisor of 329 and 28.
7
Calculate the greatest common factor of 318 and 24.
6
Calculate the greatest common factor of 5 and 135.
5
Calculate the highest common factor of 292 and 12.
4
What is the greatest common factor of 24 and 6?
6
What is the highest common factor of 1807 and 1112?
139
What is the highest common factor of 298 and 7301?
149
What is the greatest common divisor of 11 and 7447?
11
Calculate the highest common divisor of 23084 and 116.
116
Calculate the highest common factor of 2410 and 10.
10
Calculate the highest common divisor of 1080 and 240.
120
Calculate the highest common factor of 4041 and 27.
9
What is the greatest common factor of 4 and 5504?
4
What is the highest common divisor of 216 and 816?
24
Calculate the highest common factor of 1184 and 37.
37
Calculate the highest common factor of 4 and 788.
4
Calculate the highest common divisor of 860 and 25.
5
What is the greatest common factor of 552 and 25760?
184
Calculate the highest common factor of 99 and 22.
11
Calculate the greatest common factor of 12 and 4600.
4
Calculate the greatest common divisor of 24 and 714.
6
Calculate the greatest common divisor of 1978 and 2322.
86
What is the greatest common divisor of 1128 and 11985?
141
Calculate the greatest common factor of 141 and 9.
3
Calculate the greatest common divisor of 41 and 11029.
41
Calculate the highest common divisor of 42 and 192.
6
What is the highest common divisor of 1335 and 15?
15
Calculate the greatest common factor of 176 and 240.
16
Calculate the greatest common factor of 416 and 32.
32
Calculate the highest common divisor of 310 and 10.
10
Calculate the greatest common divisor of 3 and 180.
3
What is the highest common factor of 1304 and 88?
8
Calculate the greatest common divisor of 1261 and 39.
13
Calculate the greatest common factor of 39 and 28769.
13
Calculate the greatest common divisor of 11 and 4290.
11
What is the greatest common divisor of 138 and 10074?
138
Calculate the greatest common factor of 1316 and 9306.
94
What is the greatest common factor of 285 and 18240?
285
Calculate the greatest common divisor of 48 and 5520.
48
Calculate the greatest common factor of 70 and 2198.
14
What is the greatest common divisor of 40 and 26440?
40
What is the greatest common divisor of 122 and 13542?
122
Calculate the greatest common divisor of 90 and 198.
18
Calculate the greatest common divisor of 8 and 1352.
8
What is the highest common divisor of 26624 and 26?
26
Calculate the greatest common divisor of 1804 and 820.
164
Calculate the greatest common divisor of 5898 and 1.
1
Calculate the greatest common factor of 2 and 72.
2
Calculate the highest common divisor of 144 and 2768.
16
Calculate the greatest common factor of 174 and 754.
58
What is the highest common factor of 10968 and 60?
12
Calculate the greatest common factor of 860 and 6235.
215
Calculate the greatest common divisor of 707 and 77.
7
What is the greatest common divisor of 415 and 55?
5
Calculate the highest common factor of 7 and 9.
1
What is the greatest common divisor of 44 and 138?
2
What is the highest common factor of 594 and 108?
54
Calc